{"id":402,"date":"2023-03-27T19:58:08","date_gmt":"2023-03-27T17:58:08","guid":{"rendered":"https:\/\/www.kozerawski.sk\/?page_id=402"},"modified":"2025-01-28T22:25:40","modified_gmt":"2025-01-28T21:25:40","slug":"denis-kozerawski-artist","status":"publish","type":"page","link":"https:\/\/www.kozerawski.sk\/","title":{"rendered":"kozerawski.sk"},"content":{"rendered":"<div class=\"wpb-content-wrapper\"><p>[vc_row][vc_column width=&#8220;1\/1&#8243;][vc_empty_space empty_h=&#8220;0&#8243;][\/vc_column][\/vc_row][vc_row unlock_row_content=&#8220;yes&#8220; row_height_percent=&#8220;15&#8243; overlay_alpha=&#8220;50&#8243; gutter_size=&#8220;3&#8243; column_width_percent=&#8220;100&#8243; shift_y=&#8220;0&#8243; z_index=&#8220;0&#8243; uncode_shortcode_id=&#8220;571865&#8243;][vc_column column_width_percent=&#8220;100&#8243; align_horizontal=&#8220;align_center&#8220; gutter_size=&#8220;3&#8243; overlay_alpha=&#8220;50&#8243; shift_x=&#8220;0&#8243; shift_y=&#8220;0&#8243; shift_y_down=&#8220;0&#8243; z_index=&#8220;0&#8243; medium_width=&#8220;0&#8243; mobile_width=&#8220;0&#8243; width=&#8220;1\/1&#8243; uncode_shortcode_id=&#8220;147401&#8243;][vc_custom_heading uncode_shortcode_id=&#8220;427475&#8243;]<\/p>\n<h4 style=\"text-align: center;\" tabindex=\"0\" role=\"button\" aria-disabled=\"false\"><span class=\"_ap3a _aaco _aacu _aacx _aad7 _aade\" dir=\"auto\">art\u2022film\u2022curating<\/span><\/h4>\n<h4 style=\"text-align: center;\" tabindex=\"0\" role=\"button\" aria-disabled=\"false\"><\/h4>\n<h4 style=\"text-align: center;\" tabindex=\"0\" role=\"button\" aria-disabled=\"false\"><\/h4>\n<h4 style=\"text-align: center;\" tabindex=\"0\" role=\"button\" aria-disabled=\"false\"><span class=\"_ap3a _aaco _aacu _aacx _aad7 _aade\" dir=\"auto\">\u00a0<\/span><\/h4>\n<h4 tabindex=\"0\" role=\"button\" aria-disabled=\"false\"><span class=\"_ap3a _aaco _aacu _aacx _aad7 _aade\" dir=\"auto\">\u2022 <\/span><span class=\"_ap3a _aaco _aacu _aacx _aad7 _aade\" dir=\"auto\">I&#8217;m currently developing a computer game at the <a href=\"https:\/\/www.favu.vut.cz\/utc\/projekty\/detail\/34766\"><mark>Brno University of Technology, Faculty of Fine Arts<\/mark><\/a><br \/>\n<\/span><\/h4>\n<h4 style=\"text-align: center;\" tabindex=\"0\" role=\"button\" aria-disabled=\"false\"><\/h4>\n<h4 style=\"text-align: center;\" tabindex=\"0\" role=\"button\" aria-disabled=\"false\"><\/h4>\n<h4 tabindex=\"0\" role=\"button\" aria-disabled=\"false\"><span class=\"_ap3a _aaco _aacu _aacx _aad7 _aade\" dir=\"auto\">\u2022<\/span> <span class=\"_ap3a _aaco _aacu _aacx _aad7 _aade\" dir=\"auto\">Co-founder of <a href=\"https:\/\/www.apart.sk\/\"><mark>APART Collective<\/mark><\/a> &amp; <a href=\"https:\/\/www.apart.sk\/apromiseofkneropy\/\"><mark>A Promise of Kneropy<\/mark><\/a><\/span><\/h4>\n<div style=\"text-align: center;\" role=\"menu\">\n<div class=\"x1mzvp2d x129qt2x x69nqbv xx7atzb\">\n<div class=\"x1qjc9v5 x9f619 x78zum5 xdt5ytf xln7xf2 xk390pu x5yr21d x1n2onr6 x11njtxf xh8yej3\">\n<div class=\"x1qjc9v5 x78zum5 x1q0g3np x5yr21d xw2csxc x10wlt62 x1n2onr6 x1rohswg xfk6m8\" role=\"presentation\">\n<div class=\"x1qjc9v5 x9f619 x78zum5 x1q0g3np xln7xf2 xk390pu x5yr21d x1n2onr6 x11njtxf\">\n<p>&nbsp;<\/p>\n<\/div>\n<\/div>\n<\/div>\n<\/div>\n<\/div>\n<h4 style=\"text-align: center;\"><span class=\"_ap3a _aaco _aacu _aacx _aad7 _aade\" dir=\"auto\">\u00a0<\/span><\/h4>\n<p>[\/vc_custom_heading][\/vc_column][\/vc_row][vc_row unlock_row_content=&#8220;yes&#8220; row_height_percent=&#8220;0&#8243; overlay_alpha=&#8220;50&#8243; gutter_size=&#8220;3&#8243; column_width_percent=&#8220;100&#8243; shift_y=&#8220;0&#8243; z_index=&#8220;0&#8243; uncode_shortcode_id=&#8220;457372&#8243;][vc_column width=&#8220;1\/1&#8243;][uncode_index el_id=&#8220;index-172818&#8243; loop=&#8220;size:15|order_by:date|post_type:portfolio|tax_query:25,24,28,26,27|taxonomy_count:10&#8243; screen_lg=&#8220;1000&#8243; screen_md=&#8220;600&#8243; screen_sm=&#8220;480&#8243; filtering=&#8220;yes&#8220; filter_style=&#8220;dark&#8220; filtering_uppercase=&#8220;yes&#8220; filtering_position=&#8220;center&#8220; gutter_size=&#8220;3&#8243; post_items=&#8220;media|featured|onpost|original,title,text|excerpt&#8220; portfolio_items=&#8220;media|featured|onpost|original,title&#8220; single_text=&#8220;overlay&#8220; single_overlay_coloration=&#8220;bottom_gradient&#8220; single_overlay_opacity=&#8220;53&#8243; single_image_anim=&#8220;no&#8220; single_h_align=&#8220;center&#8220; single_padding=&#8220;2&#8243; single_border=&#8220;yes&#8220; custom_order=&#8220;yes&#8220; uncode_shortcode_id=&#8220;134211&#8243; order_ids=&#8220;1036,849,415,761,735,673,750,493,882,667,490,806,830,838,615&#8243;][\/vc_column][\/vc_row]<\/p>\n<\/div>","protected":false},"excerpt":{"rendered":"<p>[vc_row][vc_column width=&#8220;1\/1&#8243;][vc_empty_space empty_h=&#8220;0&#8243;][\/vc_column][\/vc_row][vc_row unlock_row_content=&#8220;yes&#8220; row_height_percent=&#8220;15&#8243; overlay_alpha=&#8220;50&#8243; gutter_size=&#8220;3&#8243; column_width_percent=&#8220;100&#8243; shift_y=&#8220;0&#8243; z_index=&#8220;0&#8243; uncode_shortcode_id=&#8220;571865&#8243;][vc_column column_width_percent=&#8220;100&#8243; align_horizontal=&#8220;align_center&#8220; gutter_size=&#8220;3&#8243; overlay_alpha=&#8220;50&#8243; shift_x=&#8220;0&#8243; shift_y=&#8220;0&#8243; shift_y_down=&#8220;0&#8243; z_index=&#8220;0&#8243; medium_width=&#8220;0&#8243; [&hellip;]<\/p>\n","protected":false},"author":1,"featured_media":0,"parent":0,"menu_order":0,"comment_status":"closed","ping_status":"closed","template":"","meta":{"_coblocks_attr":"","_coblocks_dimensions":"","_coblocks_responsive_height":"","_coblocks_accordion_ie_support":"","footnotes":"","_links_to":"","_links_to_target":""},"class_list":["post-402","page","type-page","status-publish","hentry"],"yoast_head":"<!-- This site is optimized with the Yoast SEO plugin v21.8 - https:\/\/yoast.com\/wordpress\/plugins\/seo\/ -->\n<title>kozerawski.sk<\/title>\n<meta name=\"description\" content=\"Portfolio \/ Directed Films \/ Cinematography \/ Exhibitions \/ Curatorial Projects \/ Current Projects\" \/>\n<meta name=\"robots\" content=\"index, follow, max-snippet:-1, max-image-preview:large, max-video-preview:-1\" \/>\n<link rel=\"canonical\" href=\"https:\/\/www.kozerawski.sk\/\" \/>\n<meta property=\"og:locale\" content=\"sk_SK\" \/>\n<meta property=\"og:type\" content=\"article\" \/>\n<meta property=\"og:title\" content=\"kozerawski.sk\" \/>\n<meta property=\"og:description\" content=\"Portfolio \/ Directed Films \/ Cinematography \/ Exhibitions \/ Curatorial Projects \/ Current Projects\" \/>\n<meta property=\"og:url\" content=\"https:\/\/www.kozerawski.sk\/\" \/>\n<meta property=\"article:modified_time\" content=\"2025-01-28T21:25:40+00:00\" \/>\n<meta name=\"twitter:card\" content=\"summary_large_image\" \/>\n<meta name=\"twitter:label1\" content=\"Predpokladan\u00fd \u010das \u010d\u00edtania\" \/>\n\t<meta name=\"twitter:data1\" content=\"1 min\u00fata\" \/>\n<script type=\"application\/ld+json\" class=\"yoast-schema-graph\">{\"@context\":\"https:\/\/schema.org\",\"@graph\":[{\"@type\":\"WebPage\",\"@id\":\"https:\/\/www.kozerawski.sk\/\",\"url\":\"https:\/\/www.kozerawski.sk\/\",\"name\":\"kozerawski.sk\",\"isPartOf\":{\"@id\":\"https:\/\/www.kozerawski.sk\/#website\"},\"datePublished\":\"2023-03-27T17:58:08+00:00\",\"dateModified\":\"2025-01-28T21:25:40+00:00\",\"description\":\"Portfolio \/ Directed Films \/ Cinematography \/ Exhibitions \/ Curatorial Projects \/ Current Projects\",\"breadcrumb\":{\"@id\":\"https:\/\/www.kozerawski.sk\/#breadcrumb\"},\"inLanguage\":\"sk-SK\",\"potentialAction\":[{\"@type\":\"ReadAction\",\"target\":[\"https:\/\/www.kozerawski.sk\/\"]}]},{\"@type\":\"BreadcrumbList\",\"@id\":\"https:\/\/www.kozerawski.sk\/#breadcrumb\",\"itemListElement\":[{\"@type\":\"ListItem\",\"position\":1,\"name\":\"Home\",\"item\":\"https:\/\/www.kozerawski.sk\/\"},{\"@type\":\"ListItem\",\"position\":2,\"name\":\"kozerawski.sk\"}]},{\"@type\":\"WebSite\",\"@id\":\"https:\/\/www.kozerawski.sk\/#website\",\"url\":\"https:\/\/www.kozerawski.sk\/\",\"name\":\"\",\"description\":\"\",\"potentialAction\":[{\"@type\":\"SearchAction\",\"target\":{\"@type\":\"EntryPoint\",\"urlTemplate\":\"https:\/\/www.kozerawski.sk\/?s={search_term_string}\"},\"query-input\":\"required name=search_term_string\"}],\"inLanguage\":\"sk-SK\"}]}<\/script>\n<!-- \/ Yoast SEO plugin. -->","yoast_head_json":{"title":"kozerawski.sk","description":"Portfolio \/ Directed Films \/ Cinematography \/ Exhibitions \/ Curatorial Projects \/ Current Projects","robots":{"index":"index","follow":"follow","max-snippet":"max-snippet:-1","max-image-preview":"max-image-preview:large","max-video-preview":"max-video-preview:-1"},"canonical":"https:\/\/www.kozerawski.sk\/","og_locale":"sk_SK","og_type":"article","og_title":"kozerawski.sk","og_description":"Portfolio \/ Directed Films \/ Cinematography \/ Exhibitions \/ Curatorial Projects \/ Current Projects","og_url":"https:\/\/www.kozerawski.sk\/","article_modified_time":"2025-01-28T21:25:40+00:00","twitter_card":"summary_large_image","twitter_misc":{"Predpokladan\u00fd \u010das \u010d\u00edtania":"1 min\u00fata"},"schema":{"@context":"https:\/\/schema.org","@graph":[{"@type":"WebPage","@id":"https:\/\/www.kozerawski.sk\/","url":"https:\/\/www.kozerawski.sk\/","name":"kozerawski.sk","isPartOf":{"@id":"https:\/\/www.kozerawski.sk\/#website"},"datePublished":"2023-03-27T17:58:08+00:00","dateModified":"2025-01-28T21:25:40+00:00","description":"Portfolio \/ Directed Films \/ Cinematography \/ Exhibitions \/ Curatorial Projects \/ Current Projects","breadcrumb":{"@id":"https:\/\/www.kozerawski.sk\/#breadcrumb"},"inLanguage":"sk-SK","potentialAction":[{"@type":"ReadAction","target":["https:\/\/www.kozerawski.sk\/"]}]},{"@type":"BreadcrumbList","@id":"https:\/\/www.kozerawski.sk\/#breadcrumb","itemListElement":[{"@type":"ListItem","position":1,"name":"Home","item":"https:\/\/www.kozerawski.sk\/"},{"@type":"ListItem","position":2,"name":"kozerawski.sk"}]},{"@type":"WebSite","@id":"https:\/\/www.kozerawski.sk\/#website","url":"https:\/\/www.kozerawski.sk\/","name":"","description":"","potentialAction":[{"@type":"SearchAction","target":{"@type":"EntryPoint","urlTemplate":"https:\/\/www.kozerawski.sk\/?s={search_term_string}"},"query-input":"required name=search_term_string"}],"inLanguage":"sk-SK"}]}},"jetpack_sharing_enabled":true,"_links":{"self":[{"href":"https:\/\/www.kozerawski.sk\/index.php\/wp-json\/wp\/v2\/pages\/402"}],"collection":[{"href":"https:\/\/www.kozerawski.sk\/index.php\/wp-json\/wp\/v2\/pages"}],"about":[{"href":"https:\/\/www.kozerawski.sk\/index.php\/wp-json\/wp\/v2\/types\/page"}],"author":[{"embeddable":true,"href":"https:\/\/www.kozerawski.sk\/index.php\/wp-json\/wp\/v2\/users\/1"}],"replies":[{"embeddable":true,"href":"https:\/\/www.kozerawski.sk\/index.php\/wp-json\/wp\/v2\/comments?post=402"}],"version-history":[{"count":53,"href":"https:\/\/www.kozerawski.sk\/index.php\/wp-json\/wp\/v2\/pages\/402\/revisions"}],"predecessor-version":[{"id":1069,"href":"https:\/\/www.kozerawski.sk\/index.php\/wp-json\/wp\/v2\/pages\/402\/revisions\/1069"}],"wp:attachment":[{"href":"https:\/\/www.kozerawski.sk\/index.php\/wp-json\/wp\/v2\/media?parent=402"}],"curies":[{"name":"wp","href":"https:\/\/api.w.org\/{rel}","templated":true}]}}